945. Calculate the highest common factor of 2208 and f.
3
Let g = 50076 + -35474. What is the highest common divisor of 196 and g?
98
Let c(h) be the second derivative of -147*h**5/20 + h**4/4 - h**2 - 16*h + 1. Let v be c(-1). Calculate the highest common divisor of v and 37.
37
Suppose 2*f - 3*t = 3218, 2*f = -54*t + 56*t + 3216. What is the greatest common divisor of 44 and f?
22
Let t(s) = 30*s**2 - 54*s + 17. Let b be t(-5). Calculate the highest common divisor of b and 122.
61
Let n = 881 + -879. Suppose 0*b + 3*v = 5*b - 104, n*b + 2*v - 48 = 0. Calculate the highest common factor of 55 and b.
11
Let k be 1*-1*(-5)/((-20)/(-244)). Let u = -8364 + 8486. What is the greatest common factor of k and u?
61
Let p = -19972 - -24067. What is the greatest common divisor of p and 351?
117
Suppose -2*v = -4*v - 3*s + 369, 0 = 3*s + 15. Let q = v + -112. Calculate the greatest common factor of 10 and q.
10
Suppose -102*h + 110*h + 72 = 0. Let g(p) = 2*p**2 + 2*p - 67. Let j be g(h). Calculate the highest common divisor of j and 21.
7
Let y(f) = -f**3 + 54*f**2 + 313*f - 73. Let x be y(59). Calculate the greatest common factor of x and 46.
23
Let l(w) = 1. Let s(p) = -2*p - 21. Let q(n) = -6*l(n) - s(n). Let z be (-50)/20*16/(-10). Let a be q(z). What is the highest common factor of a and 92?
23
Let t be (-55)/(-55) - (-520 + 1). Calculate the highest common divisor of t and 910.
130
Suppose 4*v - 354 = -2*t, -4*v + 319 = 115*t - 118*t. Calculate the highest common factor of v and 285.
5
Suppose 213 = 3*q - 4*r, 11*q = 14*q - r - 195. Calculate the greatest common factor of 217 and q.
7
Suppose 4*i - 1119 = -1103, 2*d - 64 = 5*i. Let s = -86 + 128. Calculate the highest common divisor of s and d.
42
Let a(u) = -15 - 15*u - 2*u**2 - 7*u**2 - u**3 + 8*u. Let k be a(-10). Calculate the greatest common divisor of k and 5.
5
Suppose 22*z - 6679 = -2213. Let b = -186 + z. Calculate the greatest common factor of 6 and b.
1
Let u = 200 - 13. Let g(t) = 13*t - 32. Let d be g(7). Suppose -k - 5*s = -7, -3*s - 15 = -4*k + d. Calculate the highest common divisor of k and u.
17
Let y = 2591 - 2522. What is the highest common divisor of y and 22793?
23
Let k = 42 - 42. Suppose -s - 3 = -2, -4*x + 4*s + 12 = k. Suppose -x*l + 3*l + 4*o = 98, -3*o - 6 = 0. Calculate the greatest common factor of 159 and l.
53
Suppose i + 3*i - 476 = 0. Let a(p) be the second derivative of -p**3/3 + 7*p**2/2 + 4*p. Let d be a(-5). What is the highest common divisor of i and d?
17
Let p(u) = 84*u**2 + 88*u - 337. Let r be p(4). What is the highest common divisor of r and 36?
9
Let c = -2759 + 2765. Suppose 7 = -5*l + 47. Let h = -2 + l. Calculate the highest common factor of h and c.
6
Suppose 0*c + c = -4*h + 42, 0 = -4*c + 3*h + 130. Let y = -54 + c. Let f be 6*(3/(-2))/(4/y). What is the highest common factor of 18 and f?
9
Let z be 1/12 - 28556/(-48). Calculate the greatest common divisor of z and 2040.
85
Let r(g) = 16*g**2 + 2*g + 192. Suppose 215*o - 222*o = 0. Let f be r(o). Calculate the highest common divisor of f and 24.
24
Let h(d) = 75*d - 1390. Let t be h(19). What is the greatest common factor of t and 1235?
5
Suppose -25*x + 29*x - 460 = 0. Calculate the highest common divisor of 437 and x.
23
Let g = 79 + -45. Suppose -g*l - 8 = -38*l. Suppose -w = c - 64, -62 = -l*c + c - 2*w. Calculate the highest common divisor of 99 and c.
33
Let s = 50 + -48. Let q be 32/10 - ((-11)/(-5) - s). Let o = 20 - q. What is the highest common factor of o and 153?
17
Let m be 1 - -1 - (10 + -126). Let g be 154/(-21) + 7 - m/(-3). Let r(o) = -272*o + 1. Let u be r(-1). What is the greatest common divisor of g and u?
39
Let j = -3488 - -4015. What is the greatest common divisor of j and 272?
17
Suppose 2*g + 56 = 6*g. Let v = -18207 + 18389. What is the greatest common factor of g and v?
14
Let h be ((-3)/6)/((-4)/800). Let u = 10 + -11. Let v be 57/((-18)/(-6)) + 2 + u. What is the greatest common divisor of v and h?
20
Let i(u) = 8*u - 22. Suppose 0 = 3*t - 5*k - 35, -3 = -4*t + 3*k + 40. Let z be i(t). What is the greatest common divisor of z and 406?
58
Let g(u) = 24*u**2 - 3*u - 5. Let t be g(-7). Suppose 3*n = -t + 1489. Calculate the greatest common factor of n and 27.
9
Let k = -190 - -192. Suppose -4*a = 4*r - 52, 0 = -3*a + k*r - 3 + 17. What is the highest common divisor of 48 and a?
8
Suppose -2*p - 4*i + 82 = -102, -5*i - 433 = -4*p. Calculate the highest common factor of p and 24.
6
Let n(p) = 14*p + 65. Let f(r) = -14*r - 66. Let l(x) = 4*f(x) + 5*n(x). Let s be l(22). Calculate the highest common factor of s and 41.
41
Let u be -129 + ((-4)/1)/(-4). Let o = u - -142. What is the greatest common factor of o and 126?
14
Let u be (-3 - 3/1)*-11. Let h(j) = 2*j**3 + 174*j**2 - 170*j + 561. Let o be h(-88). Calculate the highest common factor of u and o.
33
Suppose 0 = -3*r + 12, -r = -4*o + 2*r + 52. Let n = 598 + -542. Let p be (-238)/n + (-2)/(-8) + 132. What is the greatest common divisor of o and p?
16
Suppose 19 = 3*m + 4*x - 24, -4*m = 5*x - 58. Let v(z) = -10*z**3 - 2*z**2 + z. Let d be v(1). Let q = m + d. What is the greatest common divisor of 4 and q?
2
Suppose -77 = -2*d + 154*x - 155*x, -3*d - 4*x = -108. What is the greatest common factor of 8780 and d?
20
Let b(i) = 2*i - 41. Suppose 84 = -3*t - 171. Let w = -57 - t. Let q be b(w). Calculate the greatest common factor of 15 and q.
15
Let u = 45 - 41. Suppose 5*r + u*o + 12 = 4, 4*r - 2*o - 4 = 0. Let j be r - 3*44/(-6). What is the greatest common divisor of 22 and j?
22
Let d = -162 + 164. Let k be ((-42)/63)/(2/(-144)*d). Suppose 0 = -4*o - 4*z + 12 + 12, 0 = 2*z - 6. Calculate the highest common factor of o and k.
3
Suppose 0 = -m - 3*m + 280. Let c = -86 - -77. Let w be (c/(-6))/(6/112). Calculate the greatest common divisor of m and w.
14
Let l(q) = 2*q**2 + 14*q + 30. Let c = -63 + 57. Let r be l(c). Calculate the highest common factor of r and 144.
18
Let l(y) = y**3 - 9*y**2 - 222*y - 10. Let a be l(-11). Calculate the greatest common divisor of 4356 and a.
12
Suppose -2*l + 5 = 3*l, -x = 4*l - 39. Suppose -5*i - 62 = 3*v, -2*i = -5*v - 0*i - 155. Let z = x + v. What is the greatest common divisor of z and 15?
3
Suppose -5*j - c + 5 = -744, -4*j + c + 601 = 0. What is the highest common divisor of j and 810?
30
Let l = -252 + 254. Suppose 6*j - 2*t = 10*j - 8, 2 = j - l*t. Calculate the highest common factor of j and 6.
2
Suppose -10*j = 5*j - 95790. Suppose 4*f - j = -2*z - 2288, f = 4*z + 1020. Calculate the highest common divisor of 64 and f.
64
Suppose 37*t = -15*t + 9*t + 84667. What is the greatest common divisor of t and 88?
11
Suppose m - 223 + 157 = 3*u, -u - 102 = -2*m. Calculate the greatest common divisor of 261 and m.
3
Let o(h) = -10*h - 37. Let x be (18/(-12))/((-3)/(-10)). Let m be o(x). What is the greatest common factor of 1 and m?
1
Let n(s) = 259*s - 203. Let p be n(3). What is the highest common divisor of 42 and p?
14
Suppose 0 = 173*o - 156*o - 493 - 1479. What is the highest common divisor of 2146 and o?
58
Let c be (-1 - (-347)/4)/((-112)/(-448)). What is the greatest common divisor of c and 784?
49
Let b = 52 + 26. Suppose 5*s + 5*z - 473 - 482 = 0, 4*z = 4*s - 796. Calculate the highest common factor of s and b.
39
Let i be (-3)/4*168/(-63). Suppose -3*z = -4*b + 364, i*b + 0*b - 168 = -2*z. Calculate the highest common divisor of b and 132.
44
Suppose 2*s - 808 = -6*v, -7*s + 2*v = -8*s + 401. Calculate the highest common factor of 40 and s.
5
Let f(d) = 2*d**2 - 24*d + 66. Let h be f(6). Let l be 0 - h - (1 + -2). Calculate the greatest common divisor of 217 and l.
7
Suppose 4*d + 11009 = 4*j + 317, 3*d = -5*j + 13365. Calculate the highest common divisor of 54 and j.
27
Suppose 0 = 5*a + 6*y - y - 2730, 0 = 3*a + y - 1648. Let x = 70 - 51. What is the highest common divisor of a and x?
19
Let n(l) be the first derivative of -8*l**2 - 37*l + 39. Let z be n(-4). What is the greatest common divisor of z and 216?
27
Let a = -3702 + 3822. What is the greatest common divisor of 1000 and a?
40
Suppose 22 = -w + 19. Let q be (-5 - -47)/w*10*-1. Suppose -q = -s + 4*f, 5*s + 0*f = 2*f + 790. Calculate the greatest common factor of 40 and s.
40
Suppose 1229*b - 1232*b + 66 = 0. Cal